t is the tens digit of b(y)?
6
Let a be (-4 - -1)/(3/(-7)) + -4. Suppose t + 0*t - 363 = -a*q, 4*t = 12. What is the units digit of q?
0
Let b(x) = 5*x - 4. Let a be 3/3*(-3)/1. Let l be b(a). Let p = l + 30. What is the units digit of p?
1
Suppose 47*l + 3276 = 59*l. What is the tens digit of l?
7
What is the tens digit of ((-17)/85)/(2/(-4310)) + -4?
2
Let f(k) = 117*k**3 - k**2 + 2*k - 3. Let y be f(3). Suppose y = -4*l - 5*o, -2*l - 3183 = 2*l - 5*o. What is the units digit of l/(-21) + 14/49?
8
Suppose -2*l + 5*l = 0. Suppose l*t = 4*t + 28. Let p = -4 - t. What is the units digit of p?
3
Let x = 2960 - 1402. What is the units digit of x?
8
Let q(i) = -291*i - 24. What is the tens digit of q(-3)?
4
Suppose -3 = h, -5*x - 2*h + 3057 = 1203. What is the tens digit of x?
7
Let r = -11 + -29. Let l = 2 - r. What is the units digit of l?
2
Let g(t) = -2*t**3 - 4*t**2 - 2*t - 9. Let m(n) = -n**2 + 9*n - 19. Let c be m(7). What is the units digit of g(c)?
1
Suppose 25728 = 23*q - 17443. What is the units digit of q?
7
Let l(y) = -y + 7. Let a be l(0). Suppose 2*z = a*z - 1435. What is the tens digit of z?
8
Let o = 5 - -45. Suppose -4*z + 74 = -o. Let t = 71 - z. What is the tens digit of t?
4
Suppose -1894 + 5357 = g. What is the hundreds digit of g?
4
Let s(n) = 5*n - 2. Let d = 76 + -41. Suppose d - 11 = 3*i. What is the units digit of s(i)?
8
Suppose 1777 - 355 = 2*a. What is the hundreds digit of a?
7
Let f(d) = 3*d**3 - 5*d**2 - 12*d - 1. What is the units digit of f(8)?
9
Let s = 40 + -31. Suppose 2*c - s - 73 = 0. What is the tens digit of c?
4
Let s(u) = 7*u**3 - 7*u**2 + 4*u - 4. Let c be s(5). Suppose m - c = -3*m. What is the units digit of m?
9
What is the hundreds digit of (80/(-25) + 2)/(15/(-37000))?
9
What is the hundreds digit of ((-158)/(-7))/(5994/1197 - 5)?
0
Let g = 5 + 12. Suppose -13*r + g*r = 400. What is the units digit of r?
0
Let k(z) = z**3 - 19*z**2 + 3*z + 17. What is the tens digit of k(21)?
6
Suppose 0*q = -10*q - 2150. Let x = 338 + q. What is the hundreds digit of x?
1
Let o be -2 - -10 - (-3 + 0). Let n(t) = 2*t**2 + 5*t - 3. Let j be n(-4). Suppose 5*l - o = j. What is the units digit of l?
4
Let c(i) = 31*i + 86. What is the tens digit of c(5)?
4
Let y = 133 + 516. What is the units digit of y?
9
Let t(o) = -o - 5. Let g be t(-4). Let c be g + 0 - (2 - 17). Suppose 0 = 2*x - a - 10, 3*a + 2*a = -2*x - c. What is the units digit of x?
3
Suppose 3*l - 5 = 10. Suppose -3*j + 6 = -2*t + 5, t - 3*j + l = 0. Suppose -5*p = 3*o - 4 - 68, t*o = -2*p + 82. What is the units digit of o?
9
Let h = -53 - -57. Suppose 428 = h*v + 5*r, 13 = -5*r - 7. What is the tens digit of v?
1
Let c = 63 - 60. Suppose 630 = c*r - r. What is the units digit of r?
5
Suppose -6*m = 7 - 25. Suppose m*z + 10*o - 7*o = 687, -3*o = 4*z - 921. What is the tens digit of z?
3
Let j be 52/(-6) + 1/(-3). Let f(k) = k**3 + 11*k**2 + 8*k - 4. Let o be f(j). Suppose -o - 26 = -4*m. What is the tens digit of m?
2
Let y be -15 + -2 - (2 + -2). Let l = y - -30. Let t = l - -5. What is the tens digit of t?
1
Suppose 2*l + 3234 = -4*l. What is the units digit of l/7*(-1 - 0)?
7
Suppose 9*t - 11*t = 4, -3*d = -5*t - 10318. What is the thousands digit of d?
3
Let h = 42 + -23. Let c(r) = -9 + 28 - 1 + r + h. What is the tens digit of c(0)?
3
Let a(t) = -t**3 + 32*t**2 + 37*t - 61. What is the units digit of a(32)?
3
Let a be 240/110 + 2/(-11). Suppose 2*n - 3*u = -0*n + 563, a*n - 568 = 4*u. What is the units digit of n?
4
Let o(m) be the second derivative of -m**5/20 + 11*m**4/12 - m**3 - 15*m**2/2 + 10*m. What is the hundreds digit of o(7)?
1
Let y = -218 + 656. What is the hundreds digit of y?
4
Suppose 2*t + 3*x - 373 = 0, 2*x - 25 = -3*x. Suppose 289 = 3*v - t. Suppose -65 = 4*n + o - 221, -4*n + 2*o = -v. What is the tens digit of n?
3
Let b(n) = 9*n**2 - n - 10. Let g be b(-3). Let f = -56 + g. What is the tens digit of f?
1
Let c(z) be the first derivative of -41*z**2/2 + z + 15. What is the tens digit of c(-1)?
4
Let o(i) = -7*i + 11 + 8*i + 8*i + 7*i. What is the units digit of o(6)?
7
Suppose -3*x + 0*x + 4*v - 20 = 0, 5*x = v - 5. Suppose 10 = -x*i - 2*i, -4*l + 4 = -4*i. What is the units digit of (-31)/l - (-4)/16?
8
Suppose 10 = -0*n + 2*n + 2*l, -4*n + 38 = -5*l. Let m = n - 7. What is the units digit of 15/((-1 - m)/(-1))?
5
Let w = 190 + 442. What is the hundreds digit of w?
6
Suppose 3 = -5*x - 2. Let c be -89*(-1)/1 - x. Suppose 9*b = 11*b - c. What is the tens digit of b?
4
Let d(m) be the third derivative of m**5/60 - m**4/12 + m**3/2 - 2*m**2. Let p be d(0). Suppose w = -4, w = -3*b + p*w + 92. What is the units digit of b?
8
Suppose 5 = p - d, d - 5 = -p - 0*d. Suppose -p = -i - 1. Suppose -2*m - 14 = i*t - 62, -4*m = -2*t + 4. What is the tens digit of t?
1
Suppose -y + 136 = -6*i + 2*i, 3*i + 390 = 3*y. Let s = -94 + y. What is the units digit of s?
4
Suppose 19*w = 10*w + 4041. What is the tens digit of w?
4
Let j = 2182 - -3012. What is the units digit of j?
4
Let x be ((-9)/(-12))/((-3)/(-60)). Let a = 17 - x. Suppose -6*t + t + m = -102, 0 = a*m - 6. What is the units digit of t?
1
Let l = -3 - -8. Let j(z) = -66*z. Let a be j(-1). Suppose 0 = 5*i - 4*s - a, -22 - 53 = -5*i - l*s. What is the tens digit of i?
1
Suppose -n = -5 + 11. Let v(d) = d**3 + 6*d**2 + 5*d + 8. Let h be v(n). What is the units digit of (-7 - h) + (0 - -4)?
9
Let h(x) = x**2 - 4. Let q be h(3). Let l(r) = -r**3 + 5*r**2 + r - 5. Let f be l(q). What is the tens digit of (3 - -19) + 1 + f?
2
Suppose 0 = -j + 5*j - 2*g, 5*g + 20 = 0. Let s be j*(-4)/(-8) + 1. Let d(f) = f**2 - f + 14. What is the units digit of d(s)?
4
Suppose 8 - 106 = -2*j. Let g = j - -5. Suppose 8 = -2*s, -3*s + g = 2*u + s. What is the tens digit of u?
3
Let c be (-6)/(-10) - 13938/30. Let u = c + 658. What is the hundreds digit of u?
1
Suppose -58 = -2*p - 18. Let b = p - -101. What is the units digit of b?
1
What is the hundreds digit of ((-4376)/60*-6)/((-2)/(-5))?
0
Let g(d) = -96*d + 165. What is the hundreds digit of g(-6)?
7
Suppose 2*f = 8 + 20. Suppose 0 = -h - 2*h + 5*v - 15, v = 3. Let p = f + h. What is the units digit of p?
4
Suppose 5*r - 63 = -2*r. Suppose 39*t + r = 38*t. Let n(f) = f**3 + 11*f**2 + 11*f - 4. What is the units digit of n(t)?
9
Let v be 0 + 1 + (-2 - (-9)/3). Suppose 5*k + a - 272 = 0, k + a = -v*a + 60. What is the units digit of k?
4
Let m(u) = 16*u + 302. What is the hundreds digit of m(0)?
3
Let m = 9 + 29. Let f = m + -24. What is the tens digit of f?
1
Let w be 1 + -2 - (1 + 1). Let f be w/(-2)*30/9. Suppose -3*m - f*a - 21 = -89, -20 = -m - 3*a. What is the tens digit of m?
2
Let y = -7 - -11. Let g be (29 + -1)*(-2)/y. What is the units digit of (-39)/(-2)*g/(-21)?
3
Suppose 5 - 8 = 3*q. Let l(z) = -177*z**3 + z. Let m be l(q). What is the tens digit of m/14 + 9/21?
1
What is the thousands digit of ((-6459)/4)/(60/(-80))?
2
Let f(j) = -2*j**3 - 8*j**2 + 6*j + 1. Let b be f(-6). Let g = -73 + b. What is the tens digit of g?
3
Let g(a) = -a**3 + 3*a**2 - 12*a - 2. What is the units digit of g(-6)?
4
Let l = 11 - -2. Let h(r) = 0*r**2 + l + r - 15 + 3*r**2. What is the units digit of h(3)?
8
Suppose -42 = -14*s + 28. Suppose 0 = -3*o - 6, 372 = 2*x - 4*o + s*o. What is the tens digit of x?
8
Let r be (-2)/3 - 136/(-24). Suppose 0 = -r*g - 2*v + 45, 3*v - 8 - 14 = -g. What is the units digit of g?
7
Suppose 0 = -5*x - 63 - 37. Let j be ((-24)/20)/(6/x). Suppose -f + j = -1. What is the units digit of f?
5
Suppose -l + 79 = h, 2*l + 84 = h - 10. What is the tens digit of h?
8
Let t(j) = -21*j - 6*j + 2 + 10 - 8. What is the units digit of t(-3)?
5
Let b(d) = -d**3 + 11*d**2 + 15*d + 14. Let v be (-28)/(-2) + (-2 - 0). Let u be b(v). Suppose -2*y + 54 = -u. What is the tens digit of y?
5
Let f(c) = 3*c**2 - 2*c + 4. Let b(i) = i**3 + 6*i**2 - i - 5. Let h be b(-6). Suppose 4*r - h - 11 = 0. What is the tens digit of f(r)?
2
Let n = -882 - -342. Let q = -381 - n. Suppose 6*r = 3*r + q. What is the tens digit of r?
5
Let g = 13 + -11. Suppose -g*v - 7 - 11 = 0. Let j = 18 - v. What is the units digit of j?
7
Let c = 3287 + -1410. What is the tens digit of c?
7
Suppose 0 - 12 = -2*f + 3*c, -16 = 4*c. Suppose f = -0*d - d. Suppose d = -2*m + 26 + 10. 